{"id":24,"date":"2020-12-02T22:52:44","date_gmt":"2020-12-02T21:52:44","guid":{"rendered":"http:\/\/cote-jardins-solidaires.fr\/jardinwp\/?page_id=24"},"modified":"2026-02-24T14:10:38","modified_gmt":"2026-02-24T13:10:38","slug":"table-dhote","status":"publish","type":"page","link":"https:\/\/cote-jardins-solidaires.fr\/index.php\/table-dhote\/","title":{"rendered":"Table d&rsquo;h\u00f4te"},"content":{"rendered":"\n<p><strong>Tous les mardis <\/strong>\u00e0 partir de 12h30.&nbsp;<\/p>\n\n\n\n<figure class=\"wp-block-gallery has-nested-images columns-default is-cropped wp-block-gallery-1 is-layout-flex wp-block-gallery-is-layout-flex\">\n<figure class=\"wp-block-image size-large\"><img loading=\"lazy\" decoding=\"async\" width=\"619\" height=\"825\" data-id=\"116\" src=\"https:\/\/cote-jardins-solidaires.fr\/wp-content\/uploads\/2020\/12\/tarte.jpg\" alt=\"\" class=\"wp-image-116\" srcset=\"https:\/\/cote-jardins-solidaires.fr\/wp-content\/uploads\/2020\/12\/tarte.jpg 619w, https:\/\/cote-jardins-solidaires.fr\/wp-content\/uploads\/2020\/12\/tarte-225x300.jpg 225w\" sizes=\"(max-width: 619px) 100vw, 619px\" \/><\/figure>\n\n\n\n<figure class=\"wp-block-image size-large\"><img loading=\"lazy\" decoding=\"async\" width=\"310\" height=\"413\" data-id=\"115\" src=\"https:\/\/cote-jardins-solidaires.fr\/wp-content\/uploads\/2020\/12\/tablehote-1.jpg\" alt=\"\" class=\"wp-image-115\" srcset=\"https:\/\/cote-jardins-solidaires.fr\/wp-content\/uploads\/2020\/12\/tablehote-1.jpg 310w, https:\/\/cote-jardins-solidaires.fr\/wp-content\/uploads\/2020\/12\/tablehote-1-225x300.jpg 225w\" sizes=\"(max-width: 310px) 100vw, 310px\" \/><\/figure>\n\n\n\n<figure class=\"wp-block-image size-large\"><img loading=\"lazy\" decoding=\"async\" width=\"619\" height=\"825\" data-id=\"114\" src=\"https:\/\/cote-jardins-solidaires.fr\/wp-content\/uploads\/2020\/12\/saladeverte.jpg\" alt=\"\" class=\"wp-image-114\" srcset=\"https:\/\/cote-jardins-solidaires.fr\/wp-content\/uploads\/2020\/12\/saladeverte.jpg 619w, https:\/\/cote-jardins-solidaires.fr\/wp-content\/uploads\/2020\/12\/saladeverte-225x300.jpg 225w\" sizes=\"(max-width: 619px) 100vw, 619px\" \/><\/figure>\n<figcaption class=\"blocks-gallery-caption wp-element-caption\"><br \/><\/figcaption><\/figure>\n\n\n\n<p>Ouverte \u00e0 tous le mardi,\u00a0<strong>uniquement sur r\u00e9servation<\/strong>\u00a0(jusqu\u2019au lundi 10h) au 06 46 40 29 19 ou par mail : <a href=\"mailto:tabledhote.jardinsolidaire@gmail.com\">tabledhotecjs@samuelvincent.fr<\/a><\/p>\n\n\n\n<p>Repas bio et v\u00e9g\u00e9tarien \u00e9labor\u00e9 \u00e0 partir des l\u00e9gumes du jardin et de produits bio.&nbsp;<\/p>\n\n\n\n<p>Servi au jardin en \u00e9t\u00e9 (de Mai \u00e0 Octobre) et au local en hiver.&nbsp;<\/p>\n\n\n\n<p>Menu unique&nbsp; Entr\u00e9e \u2013 Plat \u2013Dessert- th\u00e9 ou caf\u00e9<\/p>\n\n\n\n<p>TARIF&nbsp;: 14 \u20ac, 12 \u20ac (adh\u00e9rents), 7\u20ac pour les b\u00e9n\u00e9ficiaires du RSA<\/p>\n","protected":false},"excerpt":{"rendered":"<p>Tous les mardis \u00e0 partir de 12h30.&nbsp; Ouverte \u00e0 tous le mardi,\u00a0uniquement sur r\u00e9servation\u00a0(jusqu\u2019au lundi 10h) au 06 46 40 29 19 ou par mail : tabledhotecjs@samuelvincent.fr Repas bio et v\u00e9g\u00e9tarien \u00e9labor\u00e9 \u00e0 partir des l\u00e9gumes du jardin et de produits bio.&nbsp; Servi au jardin en \u00e9t\u00e9 (de Mai \u00e0 Octobre) et au local en<\/p>\n<p><a href=\"https:\/\/cote-jardins-solidaires.fr\/index.php\/table-dhote\/\" class=\"more-link\">Lire la suite<\/a><\/p>\n","protected":false},"author":1,"featured_media":0,"parent":0,"menu_order":0,"comment_status":"closed","ping_status":"closed","template":"","meta":{"spay_email":"","footnotes":""},"class_list":["post-24","page","type-page","status-publish","hentry"],"_links":{"self":[{"href":"https:\/\/cote-jardins-solidaires.fr\/index.php\/wp-json\/wp\/v2\/pages\/24"}],"collection":[{"href":"https:\/\/cote-jardins-solidaires.fr\/index.php\/wp-json\/wp\/v2\/pages"}],"about":[{"href":"https:\/\/cote-jardins-solidaires.fr\/index.php\/wp-json\/wp\/v2\/types\/page"}],"author":[{"embeddable":true,"href":"https:\/\/cote-jardins-solidaires.fr\/index.php\/wp-json\/wp\/v2\/users\/1"}],"replies":[{"embeddable":true,"href":"https:\/\/cote-jardins-solidaires.fr\/index.php\/wp-json\/wp\/v2\/comments?post=24"}],"version-history":[{"count":12,"href":"https:\/\/cote-jardins-solidaires.fr\/index.php\/wp-json\/wp\/v2\/pages\/24\/revisions"}],"predecessor-version":[{"id":310,"href":"https:\/\/cote-jardins-solidaires.fr\/index.php\/wp-json\/wp\/v2\/pages\/24\/revisions\/310"}],"wp:attachment":[{"href":"https:\/\/cote-jardins-solidaires.fr\/index.php\/wp-json\/wp\/v2\/media?parent=24"}],"curies":[{"name":"wp","href":"https:\/\/api.w.org\/{rel}","templated":true}]}}

Table d&rsquo;hôte

<p><strong>Tous les mardis </strong>à partir de 12h30.&nbsp;</p>



<figure class="wp-block-gallery has-nested-images columns-default is-cropped wp-block-gallery-1 is-layout-flex wp-block-gallery-is-layout-flex">
<figure class="wp-block-image size-large"><img loading="lazy" decoding="async" width="619" height="825" data-id="116" src="https://cote-jardins-solidaires.fr/wp-content/uploads/2020/12/tarte.jpg" alt="" class="wp-image-116" srcset="https://cote-jardins-solidaires.fr/wp-content/uploads/2020/12/tarte.jpg 619w, https://cote-jardins-solidaires.fr/wp-content/uploads/2020/12/tarte-225x300.jpg 225w" sizes="(max-width: 619px) 100vw, 619px" /></figure>



<figure class="wp-block-image size-large"><img loading="lazy" decoding="async" width="310" height="413" data-id="115" src="https://cote-jardins-solidaires.fr/wp-content/uploads/2020/12/tablehote-1.jpg" alt="" class="wp-image-115" srcset="https://cote-jardins-solidaires.fr/wp-content/uploads/2020/12/tablehote-1.jpg 310w, https://cote-jardins-solidaires.fr/wp-content/uploads/2020/12/tablehote-1-225x300.jpg 225w" sizes="(max-width: 310px) 100vw, 310px" /></figure>



<figure class="wp-block-image size-large"><img loading="lazy" decoding="async" width="619" height="825" data-id="114" src="https://cote-jardins-solidaires.fr/wp-content/uploads/2020/12/saladeverte.jpg" alt="" class="wp-image-114" srcset="https://cote-jardins-solidaires.fr/wp-content/uploads/2020/12/saladeverte.jpg 619w, https://cote-jardins-solidaires.fr/wp-content/uploads/2020/12/saladeverte-225x300.jpg 225w" sizes="(max-width: 619px) 100vw, 619px" /></figure>
<figcaption class="blocks-gallery-caption wp-element-caption"><br /></figcaption></figure>



<p>Ouverte à tous le mardi, <strong>uniquement sur réservation</strong> (jusqu’au lundi 10h) au 06 46 40 29 19 ou par mail : <a href="mailto:tabledhote.jardinsolidaire@gmail.com">tabledhotecjs@samuelvincent.fr</a></p>



<p>Repas bio et végétarien élaboré à partir des légumes du jardin et de produits bio.&nbsp;</p>



<p>Servi au jardin en été (de Mai à Octobre) et au local en hiver.&nbsp;</p>



<p>Menu unique&nbsp; Entrée – Plat –Dessert- thé ou café</p>



<p>TARIF&nbsp;: 14 €, 12 € (adhérents), 7€ pour les bénéficiaires du RSA</p>

<p>Tous les mardis à partir de 12h30.&nbsp; Ouverte à tous le mardi, uniquement sur réservation (jusqu’au lundi 10h) au 06 46 40 29 19 ou par mail : tabledhotecjs@samuelvincent.fr Repas bio et végétarien élaboré à partir des légumes du jardin et de produits bio.&nbsp; Servi au jardin en été (de Mai à Octobre) et au local en</p>
<p><a href="https://cote-jardins-solidaires.fr/index.php/table-dhote/" class="more-link">Lire la suite</a></p>
