{"id":20,"date":"2020-12-02T22:52:44","date_gmt":"2020-12-02T21:52:44","guid":{"rendered":"http:\/\/cote-jardins-solidaires.fr\/jardinwp\/?page_id=20"},"modified":"2026-03-30T09:36:34","modified_gmt":"2026-03-30T07:36:34","slug":"insertion","status":"publish","type":"page","link":"https:\/\/cote-jardins-solidaires.fr\/index.php\/insertion\/","title":{"rendered":"Insertion"},"content":{"rendered":"\n<p><strong>Un jardin potager et ses ateliers, des outils d\u2019insertion<\/strong><\/p>\n\n\n\n<figure class=\"wp-block-image size-large\"><img loading=\"lazy\" decoding=\"async\" width=\"902\" height=\"600\" src=\"https:\/\/cote-jardins-solidaires.fr\/wp-content\/uploads\/2020\/12\/didier.jpg\" alt=\"\" class=\"wp-image-139\" srcset=\"https:\/\/cote-jardins-solidaires.fr\/wp-content\/uploads\/2020\/12\/didier.jpg 902w, https:\/\/cote-jardins-solidaires.fr\/wp-content\/uploads\/2020\/12\/didier-300x200.jpg 300w, https:\/\/cote-jardins-solidaires.fr\/wp-content\/uploads\/2020\/12\/didier-768x511.jpg 768w\" sizes=\"(max-width: 902px) 100vw, 902px\" \/><\/figure>\n\n\n\n<p><strong>Action Insertion et Accompagnement &#8211; <\/strong>AIA 2<sup>i\u00e8me<\/sup> G\u00e9n\u00e9ration&nbsp;<\/p>\n\n\n\n<p><strong>Pour les b\u00e9n\u00e9ficiaires du RSA<\/strong><\/p>\n\n\n\n<p>Orient\u00e9s par leur r\u00e9f\u00e9rent RSA. Cette action est mise en place dans le cadre du Plan D\u00e9partemental d\u2019Insertion et du Plan pauvret\u00e9, pour soutenir les parcours des personnes dans une dynamique d\u2019insertion socio-professionnelle.<\/p>\n\n\n\n<p><strong>Rythme&nbsp;<\/strong><\/p>\n\n\n\n<p>-3 matins par semaine a minima.<\/p>\n\n\n\n<p>-8h30\/9h \u00e0 12h (selon la saison).<\/p>\n\n\n\n<p>&#8211; Au jardin et\/ou en cuisine en soutien table d\u2019h\u00f4te et transformation des produits.<\/p>\n\n\n\n<figure class=\"wp-block-image size-large\"><img loading=\"lazy\" decoding=\"async\" width=\"902\" height=\"600\" src=\"https:\/\/cote-jardins-solidaires.fr\/wp-content\/uploads\/2020\/12\/mainoignon.jpg\" alt=\"\" class=\"wp-image-165\" srcset=\"https:\/\/cote-jardins-solidaires.fr\/wp-content\/uploads\/2020\/12\/mainoignon.jpg 902w, https:\/\/cote-jardins-solidaires.fr\/wp-content\/uploads\/2020\/12\/mainoignon-300x200.jpg 300w, https:\/\/cote-jardins-solidaires.fr\/wp-content\/uploads\/2020\/12\/mainoignon-768x511.jpg 768w\" sizes=\"(max-width: 902px) 100vw, 902px\" \/><\/figure>\n\n\n\n<p><strong>Objectifs&nbsp;<\/strong><\/p>\n\n\n\n<p>Remobiliser les b\u00e9n\u00e9ficiaires dans un parcours d\u2019insertion sociale et professionnelle par une activit\u00e9 collective de jardinage biologique et promotion d\u2019une alimentation saine et durable.<\/p>\n\n\n\n<p>Redynamiser les b\u00e9n\u00e9ficiaires par une activit\u00e9 physique, cr\u00e9ative et valorisante.&nbsp;<\/p>\n\n\n\n<p>Accompagner les probl\u00e8mes de sant\u00e9 li\u00e9s \u00e0 la perte d\u2019activit\u00e9.<\/p>\n\n\n\n<p>Accompagner individuellement et collectivement dans les d\u00e9marches d\u2019acc\u00e8s aux droits et aux soins.<\/p>\n\n\n\n<p>Evaluer les savoirs \u00eatre et savoirs faire, indispensables dans le monde de l\u2019entreprise.<\/p>\n\n\n\n<p>Mettre en \u0153uvre les \u00e9tapes du parcours en mobilisant tous les partenariats et en travaillant en r\u00e9seau.<\/p>\n\n\n\n<p>Inclusion num\u00e9rique : accompagnement \u00e0 l\u2019autonomie pour toutes d\u00e9marches administratives.<\/p>\n\n\n\n<p><strong>Les participants b\u00e9n\u00e9ficient d\u2019un panier de l\u00e9gumes par semaine. <\/strong>La sensibilisation \u00e0 une nutrition saine est l\u2019un des aspects sant\u00e9 importants abord\u00e9s dans l\u2019action.<\/p>\n\n\n\n<figure class=\"wp-block-image size-large\"><img loading=\"lazy\" decoding=\"async\" width=\"902\" height=\"600\" src=\"https:\/\/cote-jardins-solidaires.fr\/wp-content\/uploads\/2020\/12\/tuteur.jpg\" alt=\"\" class=\"wp-image-166\" srcset=\"https:\/\/cote-jardins-solidaires.fr\/wp-content\/uploads\/2020\/12\/tuteur.jpg 902w, https:\/\/cote-jardins-solidaires.fr\/wp-content\/uploads\/2020\/12\/tuteur-300x200.jpg 300w, https:\/\/cote-jardins-solidaires.fr\/wp-content\/uploads\/2020\/12\/tuteur-768x511.jpg 768w\" sizes=\"(max-width: 902px) 100vw, 902px\" \/><\/figure>\n\n\n\n<p><strong>Pour les services prescripteurs&nbsp;:<\/strong><\/p>\n\n\n\n<p><strong>10 places en file active<\/strong><\/p>\n\n\n\n<p><strong>Entr\u00e9e sortie permanente<\/strong><\/p>\n\n\n\n<p><strong>Fiche d\u2019orientation \u00e0 envoyer par mail \u00e0 <\/strong><a href=\"mailto:insertion.jardinsolidaire@gmail.com\">insertion.jardinsolidaire@gmail.com<\/a><\/p>\n\n\n\n<p><strong>Contact par t\u00e9l\u00e9phone <\/strong>06 76 54 76 88 et 04 66 84 51 99<\/p>\n\n\n\n<p><\/p>\n\n\n\n<p><\/p>\n\n\n\n<h2 class=\"wp-block-heading\">Agir pour son Avenir Professionnel &#8211; <strong>AAP<\/strong><\/h2>\n\n\n\n<p><strong>Pour les b\u00e9n\u00e9ficiaires du RSA<\/strong><\/p>\n\n\n\n<p>Orient\u00e9s directement par les services d\u2019insertion dans le cadre du plan pauvret\u00e9.<\/p>\n\n\n\n<p><strong>Rythme&nbsp;<\/strong><\/p>\n\n\n\n<p>2 rdv individuels par mois<\/p>\n\n\n\n<p>Rendez-vous collectifs \u00e0 th\u00e8me<\/p>\n\n\n\n<p>10 personnes en file active.<\/p>\n\n\n\n<p><strong>Objectifs&nbsp;<\/strong><\/p>\n\n\n\n<p>S\u00e9curiser le parcours du b\u00e9n\u00e9ficiaire du RSA vers l\u2019emploi.<\/p>\n\n\n\n<p>Garantir un accompagnement renforc\u00e9 pour leur permettre d\u2019acc\u00e9der ou de retourner \u00e0 une activit\u00e9 professionnelle ou une formation.<\/p>\n\n\n\n<p><strong>Fiche d\u2019orientation \u00e0 envoyer par mail \u00e0<\/strong>&nbsp;<a href=\"mailto:insertion.jardinsolidaire@gmail.com\">insertion.jardinsolidaire@gmail.com<\/a><\/p>\n\n\n\n<p><strong>Contact par t\u00e9l\u00e9phone<\/strong>\u00a006 76 54 76 88 et 04 66 84 51 99<\/p>\n\n\n\n<p><\/p>\n","protected":false},"excerpt":{"rendered":"<p>Un jardin potager et ses ateliers, des outils d\u2019insertion Action Insertion et Accompagnement &#8211; AIA 2i\u00e8me G\u00e9n\u00e9ration&nbsp; Pour les b\u00e9n\u00e9ficiaires du RSA Orient\u00e9s par leur r\u00e9f\u00e9rent RSA. Cette action est mise en place dans le cadre du Plan D\u00e9partemental d\u2019Insertion et du Plan pauvret\u00e9, pour soutenir les parcours des personnes dans une dynamique d\u2019insertion socio-professionnelle.<\/p>\n<p><a href=\"https:\/\/cote-jardins-solidaires.fr\/index.php\/insertion\/\" class=\"more-link\">Lire la suite<\/a><\/p>\n","protected":false},"author":1,"featured_media":0,"parent":0,"menu_order":0,"comment_status":"closed","ping_status":"closed","template":"","meta":{"spay_email":"","footnotes":""},"class_list":["post-20","page","type-page","status-publish","hentry"],"_links":{"self":[{"href":"https:\/\/cote-jardins-solidaires.fr\/index.php\/wp-json\/wp\/v2\/pages\/20"}],"collection":[{"href":"https:\/\/cote-jardins-solidaires.fr\/index.php\/wp-json\/wp\/v2\/pages"}],"about":[{"href":"https:\/\/cote-jardins-solidaires.fr\/index.php\/wp-json\/wp\/v2\/types\/page"}],"author":[{"embeddable":true,"href":"https:\/\/cote-jardins-solidaires.fr\/index.php\/wp-json\/wp\/v2\/users\/1"}],"replies":[{"embeddable":true,"href":"https:\/\/cote-jardins-solidaires.fr\/index.php\/wp-json\/wp\/v2\/comments?post=20"}],"version-history":[{"count":16,"href":"https:\/\/cote-jardins-solidaires.fr\/index.php\/wp-json\/wp\/v2\/pages\/20\/revisions"}],"predecessor-version":[{"id":309,"href":"https:\/\/cote-jardins-solidaires.fr\/index.php\/wp-json\/wp\/v2\/pages\/20\/revisions\/309"}],"wp:attachment":[{"href":"https:\/\/cote-jardins-solidaires.fr\/index.php\/wp-json\/wp\/v2\/media?parent=20"}],"curies":[{"name":"wp","href":"https:\/\/api.w.org\/{rel}","templated":true}]}}

<p><strong>Un jardin potager et ses ateliers, des outils d’insertion</strong></p>



<figure class="wp-block-image size-large"><img loading="lazy" decoding="async" width="902" height="600" src="https://cote-jardins-solidaires.fr/wp-content/uploads/2020/12/didier.jpg" alt="" class="wp-image-139" srcset="https://cote-jardins-solidaires.fr/wp-content/uploads/2020/12/didier.jpg 902w, https://cote-jardins-solidaires.fr/wp-content/uploads/2020/12/didier-300x200.jpg 300w, https://cote-jardins-solidaires.fr/wp-content/uploads/2020/12/didier-768x511.jpg 768w" sizes="(max-width: 902px) 100vw, 902px" /></figure>



<p><strong>Action Insertion et Accompagnement &#8211; </strong>AIA 2<sup>ième</sup> Génération&nbsp;</p>



<p><strong>Pour les bénéficiaires du RSA</strong></p>



<p>Orientés par leur référent RSA. Cette action est mise en place dans le cadre du Plan Départemental d’Insertion et du Plan pauvreté, pour soutenir les parcours des personnes dans une dynamique d’insertion socio-professionnelle.</p>



<p><strong>Rythme&nbsp;</strong></p>



<p>-3 matins par semaine a minima.</p>



<p>-8h30/9h à 12h (selon la saison).</p>



<p>&#8211; Au jardin et/ou en cuisine en soutien table d’hôte et transformation des produits.</p>



<figure class="wp-block-image size-large"><img loading="lazy" decoding="async" width="902" height="600" src="https://cote-jardins-solidaires.fr/wp-content/uploads/2020/12/mainoignon.jpg" alt="" class="wp-image-165" srcset="https://cote-jardins-solidaires.fr/wp-content/uploads/2020/12/mainoignon.jpg 902w, https://cote-jardins-solidaires.fr/wp-content/uploads/2020/12/mainoignon-300x200.jpg 300w, https://cote-jardins-solidaires.fr/wp-content/uploads/2020/12/mainoignon-768x511.jpg 768w" sizes="(max-width: 902px) 100vw, 902px" /></figure>



<p><strong>Objectifs&nbsp;</strong></p>



<p>Remobiliser les bénéficiaires dans un parcours d’insertion sociale et professionnelle par une activité collective de jardinage biologique et promotion d’une alimentation saine et durable.</p>



<p>Redynamiser les bénéficiaires par une activité physique, créative et valorisante.&nbsp;</p>



<p>Accompagner les problèmes de santé liés à la perte d’activité.</p>



<p>Accompagner individuellement et collectivement dans les démarches d’accès aux droits et aux soins.</p>



<p>Evaluer les savoirs être et savoirs faire, indispensables dans le monde de l’entreprise.</p>



<p>Mettre en œuvre les étapes du parcours en mobilisant tous les partenariats et en travaillant en réseau.</p>



<p>Inclusion numérique : accompagnement à l’autonomie pour toutes démarches administratives.</p>



<p><strong>Les participants bénéficient d’un panier de légumes par semaine. </strong>La sensibilisation à une nutrition saine est l’un des aspects santé importants abordés dans l’action.</p>



<figure class="wp-block-image size-large"><img loading="lazy" decoding="async" width="902" height="600" src="https://cote-jardins-solidaires.fr/wp-content/uploads/2020/12/tuteur.jpg" alt="" class="wp-image-166" srcset="https://cote-jardins-solidaires.fr/wp-content/uploads/2020/12/tuteur.jpg 902w, https://cote-jardins-solidaires.fr/wp-content/uploads/2020/12/tuteur-300x200.jpg 300w, https://cote-jardins-solidaires.fr/wp-content/uploads/2020/12/tuteur-768x511.jpg 768w" sizes="(max-width: 902px) 100vw, 902px" /></figure>



<p><strong>Pour les services prescripteurs&nbsp;:</strong></p>



<p><strong>10 places en file active</strong></p>



<p><strong>Entrée sortie permanente</strong></p>



<p><strong>Fiche d’orientation à envoyer par mail à </strong><a href="mailto:insertion.jardinsolidaire@gmail.com">insertion.jardinsolidaire@gmail.com</a></p>



<p><strong>Contact par téléphone </strong>06 76 54 76 88 et 04 66 84 51 99</p>



<p></p>



<p></p>



<h2 class="wp-block-heading">Agir pour son Avenir Professionnel &#8211; <strong>AAP</strong></h2>



<p><strong>Pour les bénéficiaires du RSA</strong></p>



<p>Orientés directement par les services d’insertion dans le cadre du plan pauvreté.</p>



<p><strong>Rythme&nbsp;</strong></p>



<p>2 rdv individuels par mois</p>



<p>Rendez-vous collectifs à thème</p>



<p>10 personnes en file active.</p>



<p><strong>Objectifs&nbsp;</strong></p>



<p>Sécuriser le parcours du bénéficiaire du RSA vers l’emploi.</p>



<p>Garantir un accompagnement renforcé pour leur permettre d’accéder ou de retourner à une activité professionnelle ou une formation.</p>



<p><strong>Fiche d’orientation à envoyer par mail à</strong>&nbsp;<a href="mailto:insertion.jardinsolidaire@gmail.com">insertion.jardinsolidaire@gmail.com</a></p>



<p><strong>Contact par téléphone</strong> 06 76 54 76 88 et 04 66 84 51 99</p>



<p></p>

<p>Un jardin potager et ses ateliers, des outils d’insertion Action Insertion et Accompagnement &#8211; AIA 2ième Génération&nbsp; Pour les bénéficiaires du RSA Orientés par leur référent RSA. Cette action est mise en place dans le cadre du Plan Départemental d’Insertion et du Plan pauvreté, pour soutenir les parcours des personnes dans une dynamique d’insertion socio-professionnelle.</p>
<p><a href="https://cote-jardins-solidaires.fr/index.php/insertion/" class="more-link">Lire la suite</a></p>
